{"id":17,"date":"2017-01-05T16:19:59","date_gmt":"2017-01-05T16:19:59","guid":{"rendered":"http:\/\/wordpress.sv-pech.de\/?page_id=17"},"modified":"2024-08-30T15:50:27","modified_gmt":"2024-08-30T15:50:27","slug":"impressum","status":"publish","type":"page","link":"http:\/\/sv-pech.de\/?page_id=17","title":{"rendered":"Impressum"},"content":{"rendered":"<h3><strong>Ingenieurb\u00fcro Nora Pech<\/strong><\/h3>\n<p>Schlesienring 30 D<br \/>\n61118 Bad Vilbel<\/p>\n<table style=\"width: 300px;\">\n<tbody>\n<tr>\n<td>Telefon:<\/td>\n<td><a href=\"tel:+496101983482\">06101 &#8211; 983482<\/a><\/td>\n<\/tr>\n<tr>\n<td>Fax:<\/td>\n<td>06101 &#8211; 983483<\/td>\n<\/tr>\n<tr>\n<td>E-Mail:<\/td>\n<td><a href=\"mailto:kontakt@sv-pech.de\">kontakt@sv-pech.de<\/a><\/td>\n<\/tr>\n<\/tbody>\n<\/table>\n<hr \/>\n<p>Umsatzsteuer-Identifikationsnummer gem\u00e4\u00df \u00a7 27a Umsatzsteuergesetz:<br \/>\nDE273296401<\/p>\n<hr \/>\n<p>Fotografien: Eugen Sommer, Anetta Gellner, Dirk Ostermeier<br \/>\nGrafik: Anetta Gellner<\/p>\n<hr \/>\n<p style=\"line-height: 70%;\"><small><strong>Haftung:<\/strong><br \/>\n<\/small><small><\/small><\/p>\n<p style=\"line-height: 70%;\"><small>Auf diesen Seiten ist der dargestellte Inhalt mit Sorgfalt und Genauigkeit der Informationen erstellt worden. F\u00fcr die Richtigkeit, Vollst\u00e4ndigkeit und Aktualit\u00e4t der Inhalte k\u00f6nnen wir jedoch keine Gew\u00e4hr \u00fcbernehmen. Der Dienstanbieter ist gem\u00e4\u00df \u00a7 7 Abs.1 TMG f\u00fcr eigene Inhalte auf diesen Seiten nach den allgemeinen Gesetzen verantwortlich. Nach \u00a7\u00a7 8 bis 10 TMG sind der Dienstanbieter jedoch nicht verpflichtet, \u00fcbermittelte oder gespeicherte fremde Informationen zu \u00fcberwachen oder nach Umst\u00e4nden zu forschen, die auf eine rechtswidrige T\u00e4tigkeit hinweisen.<\/small><\/p>\n<p style=\"line-height: 70%;\"><small><strong>Haftung f\u00fcr Links:<\/strong><br \/>\nUnser Angebot enth\u00e4lt Links zu externen Webseiten Dritter, auf deren Inhalte wir keinen Einfluss haben. Deshalb k\u00f6nnen wir f\u00fcr diese fremden Inhalte auch keine Gew\u00e4hr \u00fcbernehmen. F\u00fcr die Inhalte der verlinkten Seiten ist stets der jeweilige Anbieter oder Betreiber der Seiten verantwortlich. Die verlinkten Seiten wurden zum Zeitpunkt der Verlinkung auf m\u00f6gliche Rechtsverst\u00f6\u00dfe \u00fcberpr\u00fcft. Rechtswidrige Inhalte waren zum Zeitpunkt der Verlinkung nicht erkennbar. Eine permanente inhaltliche Kontrolle der verlinkten Seiten ist jedoch ohne konkrete Anhaltspunkte einer Rechtsverletzung nicht zumutbar. Bei Bekanntwerden von Rechtsverletzungen werden wir derartige Links umgehend entfernen.<\/small><\/p>\n<p style=\"line-height: 70%;\"><small><strong>Urheberrecht:<\/strong><br \/>\nDie durch die Seitenbetreiber erstellten Inhalte und Bilder auf diesen Seiten unterliegen dem deutschen Urheberrecht. Downloads und Kopien dieser Seite sind nicht gestattet.<\/small><\/p>\n","protected":false},"excerpt":{"rendered":"<p>Ingenieurb\u00fcro Nora Pech Schlesienring 30 D 61118 Bad Vilbel Telefon: 06101 &#8211; 983482 Fax: 06101 &#8211; 983483 E-Mail: kontakt@sv-pech.de Umsatzsteuer-Identifikationsnummer gem\u00e4\u00df \u00a7 27a Umsatzsteuergesetz: DE273296401 Fotografien: Eugen Sommer, Anetta Gellner, Dirk Ostermeier Grafik: Anetta Gellner Haftung: Auf diesen Seiten ist<\/p>\n","protected":false},"author":1,"featured_media":0,"parent":0,"menu_order":0,"comment_status":"closed","ping_status":"closed","template":"","meta":{"footnotes":""},"class_list":["post-17","page","type-page","status-publish","hentry"],"_links":{"self":[{"href":"http:\/\/sv-pech.de\/index.php?rest_route=\/wp\/v2\/pages\/17"}],"collection":[{"href":"http:\/\/sv-pech.de\/index.php?rest_route=\/wp\/v2\/pages"}],"about":[{"href":"http:\/\/sv-pech.de\/index.php?rest_route=\/wp\/v2\/types\/page"}],"author":[{"embeddable":true,"href":"http:\/\/sv-pech.de\/index.php?rest_route=\/wp\/v2\/users\/1"}],"replies":[{"embeddable":true,"href":"http:\/\/sv-pech.de\/index.php?rest_route=%2Fwp%2Fv2%2Fcomments&post=17"}],"version-history":[{"count":62,"href":"http:\/\/sv-pech.de\/index.php?rest_route=\/wp\/v2\/pages\/17\/revisions"}],"predecessor-version":[{"id":685,"href":"http:\/\/sv-pech.de\/index.php?rest_route=\/wp\/v2\/pages\/17\/revisions\/685"}],"wp:attachment":[{"href":"http:\/\/sv-pech.de\/index.php?rest_route=%2Fwp%2Fv2%2Fmedia&parent=17"}],"curies":[{"name":"wp","href":"https:\/\/api.w.org\/{rel}","templated":true}]}}